 - 582. What is the tens digit of x?
7
Suppose 631536 = 104*y - 233*y + 2531964. What is the thousands digit of y?
4
Suppose -4*a + 0*i + 39 = -3*i, -3*a + 3*i + 30 = 0. Suppose a*m - 44 = -8. Suppose -y - 4*q = -2*y + 58, 4*q = -m*y + 332. What is the units digit of y?
8
Suppose 7*m - 3*b - 126734 = 0, -2*m + 2*b + 20779 = -15433. What is the hundreds digit of m?
1
Let a(z) = z**3 - 13*z**2 + 17*z + 29. Let g be a(10). Let c be 0*1/3 - (0 + 238). Let y = g - c. What is the units digit of y?
7
Suppose -3*h - 4975 = -j, 68*h + 4995 = j + 69*h. What is the thousands digit of j?
4
What is the units digit of (-5321)/221 + 24 + (-533834)/(-26)?
2
Let w(v) = v + 28. Let x be w(-26). What is the hundreds digit of 4120/40*10/x?
5
Suppose 21*y - 71385 + 110149 = 480835. What is the thousands digit of y?
1
Let j(u) = u**3 - 1 + 4*u + 21*u**2 - 34 - 21*u - 6. What is the units digit of j(-16)?
1
Let k(i) be the third derivative of i**4/12 + 2*i**3/3 - 32*i**2. Let h be k(-4). What is the hundreds digit of (-21)/(h/156*3)?
2
What is the thousands digit of (-6)/(-81) - (-16 + 3403995/(-405))?
8
Suppose 0 = 6*c - 3*c. Suppose -3*b + r = -182, c*r - 5*r + 50 = b. What is the units digit of b?
0
Let f = -10819 + 26572. What is the ten thousands digit of f?
1
Suppose 2*x + 16 = 3*p, -25*x = -21*x - p + 12. What is the units digit of 379/(((-1)/2)/(x - -1))?
8
Let k(u) = u**3 + 12*u**2 - 26*u + 16. Let j be k(-11). What is the tens digit of (j/(-7) + -1)*-7?
3
Let h(s) be the third derivative of 29*s**4/24 - s**3/2 - 3*s**2 + 12. What is the tens digit of h(1)?
2
Let f(r) = -r**3 + 76*r**2 + 99*r + 155. What is the ten thousands digit of f(73)?
2
Suppose -1140 = -12*r + 7*r. Suppose z = 4*l + r, 4*z + 2*l - 1135 = -241. What is the tens digit of z?
2
Let h be (3/((-3)/(-1049)))/(2/4). Suppose -233 = 5*j - h. What is the units digit of j?
3
Suppose 5*n - 108564 - 66006 = d, -2*d = 4*n - 139670. What is the hundreds digit of n?
9
Let d(t) = -3 - 20*t + 4 - 10 - 6. Let k be d(-2). Let s = 29 + k. What is the tens digit of s?
5
Let s = -586 - -502. Let a(y) = 28*y - 1. Let k be a(-1). Let q = k - s. What is the tens digit of q?
5
Let d(j) = j + 8. Let q be d(-6). Suppose -2*s + 777 = -2*o - 29, -q*o + 1209 = 3*s. What is the units digit of s?
3
Let l = -2320 + 4379. Let n = -1113 + l. What is the hundreds digit of n?
9
Suppose 5*m = -5*m - 690. Suppose 5*y - 2*y = 477. Let n = m + y. What is the units digit of n?
0
Suppose -y = 3*a - 20, 4*a - 24 - 21 = -5*y. Suppose -4*s = -a*o - 5464, -2*o + 5*o - 6830 = -5*s. What is the units digit of s?
6
Suppose 0 = -465*q + 542*q - 639254. What is the tens digit of q?
0
Let m(l) = 3*l**2 - 2*l + 2. Let p be m(-2). Suppose 4*t - 58 = -p. Suppose -335 = 5*b - t*b. What is the tens digit of b?
6
Let d = 6254 + -2502. Suppose -d = -18*g + 10*g. What is the hundreds digit of g?
4
Let c = -160 - -3. Let t = 415 + c. What is the tens digit of t?
5
Suppose 9*o = b + 4*o + 1, 2*o + 59 = -5*b. Let q = 12 - b. Suppose 26*y - q*y - 525 = 0. What is the hundreds digit of y?
1
Let s(w) = -73*w**2 + 4391*w - 92. What is the hundreds digit of s(57)?
0
Suppose -32*i + 58*i = -60*i + 1344868. What is the units digit of i?
8
Suppose k = 3*v + 8, 2*k + 20 = -3*k - 5*v. Let q be 2 - k*2/(-1). What is the units digit of 61/(-1 - -2) + (-4 - q)?
7
Let c(p) = -12*p + 30. Let x(w) = 2*w - 5. Let f(l) = 6*c(l) + 39*x(l). Suppose -a - 4*m + 2*m + 13 = 0, -10 = -a - 5*m. What is the units digit of f(a)?
5
Let a be (((-84)/(-16))/7)/((-2)/(-8)). Suppose -3*g + 1129 = -2*q, a*g - 3*q = g + 756. What is the units digit of g?
5
Let w(a) = -950*a + 16. Let d be w(-5). What is the units digit of (-74)/(-111) + -2 + d/6?
3
Suppose 44*n - 3*n - 590523 = 0. What is the tens digit of n?
0
Let u(w) = 9*w**3 + 12*w**2 - 104*w - 64. What is the units digit of u(16)?
8
Let j(t) be the first derivative of -19*t**2/2 + 60*t + 2. Let p be 4/(-28) + (-272)/56. What is the units digit of j(p)?
5
Suppose 0 = -5*z - 4*k + 109085, 4*z = -k - 4*k + 87259. What is the units digit of z?
1
Let r be (-2 + (-10)/4)/(14/476). Let x = r + 385. What is the units digit of x?
2
What is the thousands digit of (-4 - -602)*(-4 + (3 - -7))?
3
Let f = -48 - 21. Let w be (-3)/(3 + 0 + 208/f). Let b = -119 + w. What is the tens digit of b?
8
Suppose -5*t - 1594 = -4*q, -982 = 3*t - 2*q + 6*q. What is the units digit of 1 - t - (-1)/(-1)?
2
Let k = -6895 - -7494. What is the tens digit of k?
9
Suppose -20213 + 52128 = 3*d - 4*w, -4*d = -3*w - 42558. What is the thousands digit of d?
0
Let k = 13030 + -8544. What is the units digit of k?
6
Let b be 2/10 + 5372/(-10). What is the units digit of ((-40)/(-60))/(2*(-1)/b)?
9
Suppose -2 = 5*m - 52. Suppose -j + m = 2. Suppose -j*a = -7*a - 22. What is the tens digit of a?
2
Let x = 35 + -37. Let f be x*(-1 + 2) + 5. Suppose -f*m + 18 = -21. What is the units digit of m?
3
Let j = 67 - 20. Let y = 22 + j. Suppose 4*l = 3*h + y, 7*l = 3*l - 3*h + 99. What is the units digit of l?
1
Let z = -406 + 406. Let q be (2/3)/(4/186). Suppose z = 4*j + 5*o - 5, -5*j + o = -o - q. What is the units digit of j?
5
Let d(u) = -12*u + 6. Let p(m) = -11*m + 6. Let g(r) = -7*d(r) + 6*p(r). What is the units digit of g(12)?
0
Let v = -2990 - -54459. What is the tens digit of v?
6
What is the ten thousands digit of 44760762/1134 + 16/(-28)?
3
Let y = -1777 - -4336. What is the thousands digit of y?
2
Let q(l) be the second derivative of l**4/12 + 2*l + 5. Let j(a) = 18*a + 20. Let b(s) = j(s) + 4*q(s). What is the units digit of b(-11)?
6
Let r be 1136/7 - 30/105. Suppose 13*i - 1333 = r. What is the tens digit of i?
1
Let n(h) = 11*h**2 + 160*h - 470. What is the units digit of n(-41)?
1
Suppose 8 = 11*q - 7*q. Let j = -21 + 23. Suppose -q*a - j*a = -4*r - 276, 3*a + 4*r = 242. What is the tens digit of a?
7
Let y(a) = 799*a**2 + 44*a - 142. What is the units digit of y(3)?
1
Let z = 115 - 194. Let h = 83 + z. Suppose 416 = h*g + 5*q, 2*g + 3*q - 142 = 68. What is the units digit of g?
9
Let g = -205 + 1601. Suppose -13*z + g = -736. What is the hundreds digit of z?
1
Let f be (4/(-10))/(1/(-115)). Let y = f - 46. Suppose 4*c - 3*u - 284 = -y*c, -2*c = 5*u - 116. What is the units digit of c?
8
Let k = -28 - -87. Let t = k + -59. Suppose t = -b + 4, -3*b = i + 15 - 116. What is the tens digit of i?
8
Suppose 0 = -0*o - 4*o + 28. Let i(d) = 51*d - 80. What is the units digit of i(o)?
7
Let z(h) = 177*h**2 + 127*h - 1598. What is the tens digit of z(14)?
7
Let a be 3 + -8 + 2 + 31. Let b(f) = -8*f - 6 - 5*f + a - 7*f. What is the hundreds digit of b(-5)?
1
Let n(q) = q**3 - 33*q**2 - 22*q - 891. What is the tens digit of n(38)?
9
Suppose -716*j + 636*j + 355710 + 669890 = 0. What is the thousands digit of j?
2
Let d = -30926 - -48753. What is the thousands digit of d?
7
Let o(h) = -h**2 + 7*h - 30. Let r be o(0). Let k be 1/((-6)/(-524))*-18. What is the tens digit of (-2)/5 + k/r?
5
Suppose 4*s = -4*l, -2*l - 4 + 0 = 0. Suppose 2*q - 792 = -2*r - s*q, 0 = -r + 5*q + 424. What is the hundreds digit of r?
4
Let s(o) = o**2 + 7*o + 7. Let p be s(-8). Let x be (3 + 27)*18/p. What is the units digit of (-12)/x - (-652)/3?
7
Suppose -2*n - 3*c = 11 + 5, -3*c = 0. Let q = -17 - n. What is the units digit of (-363)/q - (-4)/(-12)*1?
0
Suppose 2*v - 85354 = t, -3*v + 128058 = 456*t - 453*t. What is the hundreds digit of v?
6
Let b be -2*-15*(-4)/(0 + 12). Let h be 6/5*-1*b/3. Suppose 0 = h*w - 1113 + 225. What is the tens digit of w?
2
Suppose -136*k + 64*k = -66*k - 74898. What is the hundreds digit of k?
4
Let s be (0/(-8 - -17))/(-1 - 0). Suppose -x + 330 = k, 5*x + 9*k - 11*k - 1671 = s. What is the hundreds digit of x?
3
Let d(q) = 19*q. Let l be d(-12). Let w be 633/2 - -3 - 3/(-2). Let u = l + w. What is the units digit of u?
3
Let j = -8 - -11. Suppose 0 = -j*l + 121 + 410. Suppose 4*c = 5*c + 2*k - l, -3*c + 531 = -k. What is the tens digit of c?
7
Suppose 7 = g - 5*r - 102, -4*r = 3*g - 365. What is the units digit of g/(-51)*3*-14?
8
Let h = -134 - -207. Let w = -57 + h. Let a = w + 111. What is the tens digit of a?
2
Suppose 3*o - 17 = f + 14, 0 = o - 5*f - 1. Let y = o - -50. What is the units digit of y?
1
Let t(g) = -2*g**2 - g. Let y(d) = -d**3 + 24*d**2 - 